*2 + 34*a - 22. What are the prime factors of x(15)?
2, 61
Suppose 0 = 10*z - 14*z + 856. What are the prime factors of z?
2, 107
Suppose 0 = 5*v - p - 2750, 9*v = 4*v - 5*p + 2750. List the prime factors of v.
2, 5, 11
Let l = 20 + 4. Let h = 24 - l. Suppose h = 2*q, -4*a = -a - 5*q - 138. What are the prime factors of a?
2, 23
Let p = -5889 - -8870. List the prime factors of p.
11, 271
Let k = 1092 - 494. List the prime factors of k.
2, 13, 23
Suppose 0 = 2*h + 5*j - 701, -350 = -h + 2*j - 4*j. List the prime factors of h.
2, 3, 29
What are the prime factors of (1174/(-10))/((7/(-35))/1)?
587
Let v(h) = -h - 1. Suppose 0 = 10*a - 6*a - 12. Suppose 0*g + 3*g + 17 = -q, -a*g = -5*q + 5. List the prime factors of v(g).
2
Suppose -9*c - 92 = -13*c. Let t = 34 - c. Let i = -3 + t. What are the prime factors of i?
2
Let u be -1*((-30)/9 - 4/(-12)). Suppose 0 = -u*a - 32 + 437. What are the prime factors of a?
3, 5
Suppose 172*i - 161*i - 10967 = 0. List the prime factors of i.
997
Let m = -935 + 1353. What are the prime factors of m?
2, 11, 19
Let c(s) = -s**2 - 2*s + 9. Let d be c(-4). Let v(u) = 325*u + 1. Let o be v(d). List the prime factors of o/14 + 2/(-7).
23
Let b(r) be the second derivative of r**3/2 + 49*r**2/2 - 15*r. List the prime factors of b(0).
7
Let k = -810 - -1320. List the prime factors of k.
2, 3, 5, 17
What are the prime factors of 2074 + 97 + 0 + 2?
41, 53
Suppose 0*c + 4*c = -4*u + 44, -20 = -5*u + 2*c. Suppose 251 = u*d + 11. List the prime factors of d.
2, 5
Suppose -3*k = -3*m - 1314, 2*m - 394 = -k + 59. List the prime factors of k.
443
Let d be ((-4)/18*-6)/(7/21). Suppose 50 = d*h - 5*x - 305, -280 = -3*h + x. What are the prime factors of h?
5, 19
Let o(j) = 5*j**2 + 9. Let f be o(-5). Suppose 0*q - 2*q + f = 0. List the prime factors of q.
67
Let v(i) = 200*i**2. Let p be v(-1). Suppose 2*q + 5*o = -p, -2 = -4*q + 3*o - 402. List the prime factors of 2/(-5)*q/4.
2, 5
Let h(b) = b**3 - 10*b**2 - 2*b + 9. Let f be h(10). Let q = 62 + f. Suppose -q = -3*p - l - 2*l, -2*l = 4*p - 68. What are the prime factors of p?
17
Let p(v) = 7*v + 5. Let w be p(4). Let n be (36/4 + -2)*11. Suppose 0 = -0*y + 3*y + d - n, -y + w = 4*d. What are the prime factors of y?
5
Let t(j) = -3*j + 3. Suppose 5*u + 0 = 15. Let a be t(u). Let r(o) = o**2 - o - 14. List the prime factors of r(a).
2, 7
Let s(l) = -7*l + 52. Let a be s(7). Suppose -a*n + 240 = -339. List the prime factors of n.
193
Let u(q) = 42*q - 200. What are the prime factors of u(38)?
2, 349
Let v = 1 - -381. List the prime factors of v.
2, 191
Suppose -5*i + v + 890 = 230, 5*v = 0. Let u = 31 + i. List the prime factors of u.
163
Let h be 150*8/(-60)*3. Let b be 4 + -2 + 2 + -24. Let j = b - h. What are the prime factors of j?
2, 5
Let y(l) = -l + 1. Let u(s) = -3*s - 14. Let k(q) = u(q) + 2*y(q). Let o(d) = -d**2 - 18*d - 38. Let f be o(-16). List the prime factors of k(f).
2, 3
Let i(r) = -r**2 - 13*r - 2. Let k be i(-7). Suppose q + k = d + 2*d, d - 2*q = 20. List the prime factors of d.
2, 3
Suppose 2*k = v - 18, -3*k + 5*k = -8. What are the prime factors of 2*-1*(-305)/v?
61
Let w = -8 - -6. Let j be 4*1/w + 4. Suppose -6*b + 200 = -j*b. What are the prime factors of b?
2, 5
Suppose -31*v - 6538 = -22658. What are the prime factors of v?
2, 5, 13
Let v be (1 + -2)*(-14 + 0). Let b = 16 - v. Suppose 3*s + b*s = 215. List the prime factors of s.
43
Suppose -9*l + 14047 = -3080. What are the prime factors of l?
11, 173
Let a(h) = 2*h**2 - 6*h + 6. Let n be a(2). List the prime factors of (52/12)/(n/18).
3, 13
Let m be -3*(1 + 66/(-18)). Suppose 0 = -m*x + 1558 + 610. What are the prime factors of x?
271
Let z = 258 + -148. What are the prime factors of z?
2, 5, 11
Let g(m) = -5*m - 1. Let z be g(-1). Suppose -o - 2 + z = 0. What are the prime factors of o?
2
List the prime factors of 1326*(40/15)/8.
2, 13, 17
Suppose -1550 = -5*w + 5*f, 5*w = 4*w - 5*f + 340. Suppose 0*r + 5*r = w. List the prime factors of r.
3, 7
Let m(w) = -3*w - 2 - 2*w**2 + 3*w**2 + 3*w - 18*w**3. List the prime factors of m(-2).
2, 73
Suppose -87*l + 38204 = -39835. What are the prime factors of l?
3, 13, 23
Let f(w) = w**2 - 2*w - 2. Let r be f(3). Let a be -2 + (-24)/(-2 - r). Suppose 3*c = 5*c - a. What are the prime factors of c?
3
Let o(s) = -10*s - 7 + s + 13. List the prime factors of o(-10).
2, 3
Let p(z) = -z**2 + 5*z - 3. Let o be p(3). Let x be ((-20)/12)/((-1)/3). Suppose -o*a - x*q - 4 = a, -2*a = 5*q + 12. List the prime factors of a.
2
What are the prime factors of (3 + 155)/((-9)/(-126))?
2, 7, 79
List the prime factors of 3*1/(-15) + (-31580)/(-25).
3, 421
Suppose h + 2*j - 23 - 10 = 0, -5*h + 183 = j. Let n be (-12)/2 - 1 - -1. Let y = h - n. What are the prime factors of y?
43
Suppose -4*g = -5*n - 75, 2*n - n = -4*g + 57. Suppose -k = -g - 25. Suppose -124 + k = -4*t. List the prime factors of t.
3, 7
Suppose 3*a = 5*p + 7873 - 1878, 0 = -3*p + 12. What are the prime factors of a?
5, 401
Let q(c) = -c**3 - 9 - 7*c**2 + 0 - 7*c + 0*c**3. Let h(j) = -j**2 + 5*j + 43. Let z be h(10). List the prime factors of q(z).
2, 5
Let d = 6673 + -2471. List the prime factors of d.
2, 11, 191
Let c(i) be the first derivative of i**2/2 + 14*i - 5. Let h be c(-7). Suppose -2*b = -h*b + 95. What are the prime factors of b?
19
Suppose -3*a = -3*z - 3165, 4*z + z - 5295 = -5*a. List the prime factors of a.
7, 151
Let i = -446 - -756. Suppose -5*u + 2*u + m + 295 = 0, 3*u - i = -2*m. Suppose u = 3*o - 14. List the prime factors of o.
2, 19
Let w(l) = 50*l**2 - l + 1. Let m be 1 + -1 - (2 + 4). Let v(a) = a**3 + 6*a**2 + a + 7. Let i be v(m). What are the prime factors of w(i)?
2, 5
Let f = 682 + 1595. List the prime factors of f.
3, 11, 23
Let y(j) = j + 4. Let u be y(-2). Suppose u*m - 53 = 93. List the prime factors of m.
73
Suppose 6 = -2*t + 5*c - 0, -t - 4 = -3*c. List the prime factors of (-2)/(t/(-260)*2).
2, 5, 13
Let l(f) = 33*f**2 - 3*f - 31. List the prime factors of l(7).
5, 313
Let w be 69/(-18) - 3/18. Let s(x) = 13*x + 10. Let o(v) = -7*v - 5. Let k(g) = -7*o(g) - 4*s(g). List the prime factors of k(w).
7
Let s(a) be the third derivative of 5*a**2 + 1/60*a**5 + 0 + 0*a + 1/24*a**4 + 1/3*a**3. List the prime factors of s(0).
2
Suppose 0 = 66*f - 12714 - 19560. List the prime factors of f.
3, 163
Let k(y) = -4*y**3 + 4*y**2 + 5*y + 7. Let v(i) = 21*i**3 - 20*i**2 - 25*i - 36. Let w(o) = 11*k(o) + 2*v(o). What are the prime factors of w(-3)?
2, 5
Suppose -2*i + 50 = 50. Suppose i*p - 3*g = p - 171, 10 = -5*g. What are the prime factors of p?
3, 59
Let a = -18 - -21. What are the prime factors of ((2 - 4) + a)*97?
97
Suppose -8*b + 113 = -839. Let v = b - 62. What are the prime factors of v?
3, 19
Suppose 6311 = -0*o + 2*o + 5*q, 5*q + 3133 = o. What are the prime factors of o?
2, 787
Suppose 5*u - 688 = -3*u. Suppose -u = -y + 38. List the prime factors of y.
2, 31
Let z = -17 - 11. List the prime factors of z/4*120/(-28).
2, 3, 5
Suppose s - 202 = 239. What are the prime factors of s?
3, 7
Let o = -12 - -183. Let x = -77 + o. What are the prime factors of x?
2, 47
Let x(c) = 562*c + 513. What are the prime factors of x(6)?
3, 5, 7, 37
Suppose 6*d + 4*z - 387 = 5*d, -5*z - 1127 = -3*d. List the prime factors of d.
379
Let y = 15 - 5. Suppose 2*o - 112 = -2*f, -12*o + 8*o = 3*f - 221. Suppose 3*b = -3*t + o + y, b + 3*t - 21 = 0. List the prime factors of b.
3, 7
Let m(q) = q**3 + 5*q**2 - 4*q - 1. Let l be m(-6). Let t = -9 + 36. Let d = t + l. List the prime factors of d.
2, 7
Suppose 5*h = -m + 484, 4*h - h = -2*m + 296. Let u = h + -41. What are the prime factors of u?
5, 11
Suppose l = -2*l + z + 13, -2*l - 5*z - 14 = 0. Suppose l*f + 3*p = 123, -5*f + 4*p + 0*p = -160. List the prime factors of f.
2, 3
Suppose 0 = -2*d - 0*d + 216. Let a = -39 + d. List the prime factors of a.
3, 23
Let k(d) = -8*d**3 + 5*d**2 - 3*d + 5. Let g be k(4). Let p = 133 - g. What are the prime factors of (p/55)/(4/10)?
2, 13
List the prime factors of (17/(-34))/(1/(-78)).
3, 13
Let x(f) = -f**2 - 6*f - 5. Let u be x(-2). Suppose 3*l - u*k - 58 = 2*k, -5*k - 6 = -l. What are the prime factors of l?
2, 13
Let w = 2557 - -860. What are the prime factors of w?
3, 17, 67
Suppose 3*f - 2015 = a, 278 + 391 